 160*c + 1. List the prime factors of h(-18).
6841
Let z(u) = 1260*u**3 + 10*u**2 - 14*u - 3. What are the prime factors of z(2)?
3, 19, 59
Suppose -4*g + 111652 = 4*o, 4*g - 111650 = -69*o + 67*o. What are the prime factors of g?
2, 3, 1163
List the prime factors of 3/((84/(-1986))/(-14)).
3, 331
Let q(m) be the third derivative of -m**5/60 - 5*m**4/8 + 5*m**3 - m**2. Let u be q(-17). List the prime factors of -37*(2/u)/(2/4).
37
Let y = -2922 + 13884. What are the prime factors of y?
2, 3, 7, 29
Let y be 121 - (-2 - (3 + -5)). Let f = 1388 + -1367. Let d = y + f. What are the prime factors of d?
2, 71
What are the prime factors of ((-192)/(-256))/(1/(-57088)*-4)?
2, 3, 223
Let h be ((-1220592)/18)/(-8) - (-4)/6. Suppose -h = -59*a + 52*a. List the prime factors of a.
7, 173
Suppose 8*w + 2*w = 260. Let b = w + 370. List the prime factors of b.
2, 3, 11
Suppose 4*o + 2*t = -154, -209 = -0*o + 5*o - 3*t. Let h be 4/(-14) - o/140. Suppose -3*c - a = -80, h = 4*c + 3*a - a - 110. What are the prime factors of c?
5
Let a be (-3)/((2/(-27))/((-18)/(-27))). Suppose 0 = -a*j + 15541 + 7922. What are the prime factors of j?
11, 79
Let s = 74 + 78. Let t = 114 + -209. Let y = s + t. What are the prime factors of y?
3, 19
Suppose 0*j = 3*y + 4*j + 18, 2*j - 16 = y. Let x = 19 + y. Suppose 0 = -x*k - 9*k + 4194. What are the prime factors of k?
233
Let d(q) = -4626*q**3 + 5*q**2 + q - 3. List the prime factors of d(-1).
7, 661
Let k be -4 + (-2)/((5/(-4))/5). Suppose -10*w - 570 = -k*w. List the prime factors of 3*(w - -7)*6/(-8).
2, 3, 11
Suppose -2*y + 61109 - 3046 = 3*j, 4*j - 116112 = -4*y. What are the prime factors of y?
29021
Let u(a) = -5*a**3 + 5*a**2 - 3*a - 16. Let z(p) = p**2 + 8*p + 3. Let q be z(-7). List the prime factors of u(q).
2, 3, 11
Let v(z) be the first derivative of z**3/3 + 5*z**2 - 3*z + 7696. Let l be (-2)/((-4)/14*1). What are the prime factors of v(l)?
2, 29
Let s be ((-2)/2 + 11)/2. Let v = 1583 + -438. Suppose -v = s*r - 10*r. What are the prime factors of r?
229
Let j be (5/4)/((-22)/8 + 3). List the prime factors of 2*(43 - (11 - j)).
2, 37
Let c(m) = 11*m - 43. Let r = -48 - -45. Let f be (-115)/(-15) + -1 - 1/r. List the prime factors of c(f).
2, 17
Let y = 18202 - 1579. What are the prime factors of y?
3, 1847
Let g(b) = -80 - 18 + 440*b - 391*b. List the prime factors of g(7).
5, 7
List the prime factors of (-26 - (-350)/14)/(3/93018*-1).
2, 37, 419
Let o = 76 - -344. Suppose 3*l - o = 8*l. Let p = l + 273. What are the prime factors of p?
3, 7
Let s = 5563 - -141. List the prime factors of s.
2, 23, 31
Suppose -31209 = -4*y + 5*q, -5*y = 3*q - 33475 - 5527. List the prime factors of y.
29, 269
Let p = 33425 - 22100. What are the prime factors of p?
3, 5, 151
Suppose 76*j + 105786 = 1419750. List the prime factors of j.
3, 17, 113
What are the prime factors of 50/(-40) - (-1429750)/56?
2, 3, 5, 23, 37
Let j(a) = a**2 - 6*a - 5. Let o be j(5). What are the prime factors of (-15)/o*(-196)/(-6)?
7
Let g = 44229 + 23030. List the prime factors of g.
103, 653
Let c(p) = p**3 - p**2 + 1. Let j(s) = -3*s**3 + 42*s**2 + 17*s - 4. Let o(t) = -c(t) - j(t). List the prime factors of o(21).
3, 29
Let u(f) = 239*f - 5. Let r be u(1). Suppose 11*s - 9*s = r. Let t = 172 - s. What are the prime factors of t?
5, 11
Suppose -3*u = c - 7, u - 3*c = -0*u + 9. Suppose u*p + 4*m - 424 = 0, -4*p - 3*m - 243 + 820 = 0. What are the prime factors of p?
2, 37
Let x be (1*-1)/(-7*4/20748). Suppose 2019 + x = 24*m. What are the prime factors of m?
5, 23
Let p(i) = 2*i**2 - 4*i + 6. Let q be p(5). Suppose o - 6*o - 2*g + 180 = 0, o - 4*g = q. Let d = o + 6. List the prime factors of d.
2, 3, 7
Let y = 7969 + -4314. What are the prime factors of y?
5, 17, 43
Let r = -19735 - -37831. List the prime factors of r.
2, 3, 13, 29
Let w(f) = -9 - 8 + 3 + 10 + 82*f**2 + 9*f - 14*f**2. What are the prime factors of w(3)?
5, 127
Suppose -13544 = -12*p - 3332. List the prime factors of 7/((-63)/(-54)) + p.
857
Let y(u) = 5*u**3 + 8*u**2 - 7*u - 8. Let p be y(7). Suppose 0 = -5*h - m + p, 22*h = 21*h + 5*m + 384. What are the prime factors of h?
409
Suppose 0 = 213*h - 221*h + 5280. Let l = h + -186. List the prime factors of l.
2, 3, 79
Let m(r) = 393*r**2 - 6*r - 9. What are the prime factors of m(2)?
3, 11, 47
Suppose -z - p - 3*p + 31 = 0, -5*z + 3*p + 224 = 0. Suppose -2*u + 969 = 5*f, 4*u - f - 1946 = -3*f. Suppose 0 = -4*a - z + u. List the prime factors of a.
3, 37
Let j be (-66)/5*10/(-4). Let h = -43 - j. List the prime factors of (-2 - h) + (5 - 2).
7, 11
Suppose 13*y - 11*y + 1043 = 3*q, -2*q = -5*y - 688. Let t = 676 - q. List the prime factors of t.
3, 109
Let t = -132544 + 200173. What are the prime factors of t?
3, 22543
Suppose 5*x = -5*h - 185, -2*h - 2*h + 5*x = 130. Let l be 46/1 + 0 + -1. Let q = l + h. What are the prime factors of q?
2, 5
Let x be (-6 - 21)/(-9) - 6. List the prime factors of (x*12/9)/(17/(-2584)).
2, 19
Suppose -4*m + 2*r + 3*r = -181, -m = -2*r - 43. Let c = m - 48. What are the prime factors of (c/(-2))/((-6)/1872)?
2, 3, 13
Suppose 0 = -5*i + 1312 - 532. Suppose 0 = -102*l + 288 + 222. Suppose d = l*w - d - i, 0 = -4*w + d + 126. List the prime factors of w.
2
Let a = -6578 - -8343. What are the prime factors of a?
5, 353
Let p = 21 - -43. Let b be ((-6)/(-8))/(12/p)*-12. List the prime factors of (-1860)/b + 2/8.
3, 13
Let l(t) = 26*t**2 - 5*t - 4. Let y(i) = i - 1. Suppose x + 9*n = 6*n + 3, 0 = -4*x - 3*n + 3. Let w be y(x). What are the prime factors of l(w)?
3
Let k(r) = -r + 40. Let d be k(15). Suppose -d*u = -6*u - 12198. What are the prime factors of u?
2, 3, 107
Let x be 43 - ((-84)/7 - -7). List the prime factors of (x/(-64))/(3/(-3064)).
2, 383
Let t(b) = -25*b**3 - 30*b**2 + 6*b + 28. What are the prime factors of t(-9)?
13, 1213
Suppose 43 = 3*q + 5*w, -4*q + 4*w + 3 = -1. Suppose -f - q*f = -896. Suppose -4*y + f + 76 = 0. List the prime factors of y.
3, 17
Let y(r) = 61*r + 585. List the prime factors of y(12).
3, 439
Let a(d) = d + 5. Let b be a(-2). Suppose 0*o + b*t - 2557 = -4*o, -5*t = -2*o + 1259. Suppose -4*f + 107 = -o. What are the prime factors of f?
2, 3, 31
Suppose 19*w - 4260 = 24*w. What are the prime factors of w/30*-5 - (0 - 0)?
2, 71
Let c(h) = 2*h**2 - h - 1. Let n be c(2). Let u(s) = 6*s**2 - s - 3. Let q be u(3). Suppose 0 = n*i - i - q. List the prime factors of i.
2, 3
Let r(q) = -5 - 5*q + 0*q + 5 - 1. Let v be r(-1). Suppose 223 + 161 = v*p. List the prime factors of p.
2, 3
Suppose 4*m = y + 492, -3*m + y + 316 = -53. Suppose -294 = -125*v + m*v. What are the prime factors of v?
3, 7
Let z(s) = -77*s**3 + s**2 + 9*s + 17. Let n be z(-2). Suppose -4*r + 2489 = u, -10*u = -r - 7*u + n. What are the prime factors of r?
2, 311
Suppose -7*w + i - 13 = -11*w, 0 = -w - 5*i + 8. Suppose 0 = -2*r - 0*r - c + 1209, 1818 = 3*r - w*c. List the prime factors of r.
5, 11
Let h(b) = 3*b + 2. Let m be h(2). Suppose -16*v = -m*v - 16. Let s = v + 57. List the prime factors of s.
59
Let d(w) be the second derivative of 11*w**4/12 + w**3 + 7*w**2 - w - 36. What are the prime factors of d(-7)?
7, 73
Suppose -13*x + 14*x = 5. Suppose -2*s = 17 - x. What are the prime factors of (-6)/(-9)*(-963)/s?
107
Let i be -1*(4/(-2 + 4) - -155). Suppose 180 = 18*d - 1170. Let x = d - i. What are the prime factors of x?
2, 29
Let a(l) = -111*l**2 - 6*l - 5. Let w be a(-1). Suppose 3*v + 627 = 3*h, 8*v + 3*h = 5*v - 651. Let t = w - v. List the prime factors of t.
103
Let a(x) = -x**2 - 8*x + 89. Let h be a(-14). Suppose -h*c + 1727 = -i - 1250, -4*c = 4*i - 2396. What are the prime factors of c?
2, 149
Let y be (-12)/(-10)*5/2. Suppose y*d + 5*s = 2*d + 293, 5*s + 859 = 3*d. What are the prime factors of d?
2, 3
Let l = -214 - -218. Suppose -4*v + 5*c - 1981 + 5356 = 0, l*c = -2*v + 1720. What are the prime factors of v?
2, 5, 17
Let f = -291 + 441. What are the prime factors of (-1 + 2*-1)/(f/(-18950))?
379
Let y be 6/4*(-4)/(-3). Let m be (4/(-3))/(y/(-3)) - 0. Suppose 5*l = -5*p + 570, 0*l + p = -m*l + 233. What are the prime factors of l?
7, 17
Let i(j) = 168 - 18*j**2 - 3*j**3 + 169 - 341 - 2*j. Let r be i(-6). Suppose -r*u = -46 - 466. What are the prime factors of u?
2
Let k be -4 - 0 - 0 - 2/(-2